 - 8 = -2*f. List the prime factors of -2 + 21/(f/4).
5
Let c = 81 + -46. Let r = -14 + c. List the prime factors of r.
3, 7
Let t(z) be the first derivative of -z**4/4 + 4*z**3 - 5*z**2 + 4*z + 2. List the prime factors of t(11).
3, 5
Let t(j) = 2*j**3 + 10*j**2 + 2. What are the prime factors of t(-5)?
2
Let x be (12/(-8))/((-2)/24). Suppose -2*i = -x - 40. What are the prime factors of i?
29
Let j = 6 + 4. Suppose 5*a - j = 0, 123 + 101 = 4*m + 4*a. What are the prime factors of m?
2, 3
Let f(o) = o**3 - o**2 - 3*o + 4. Let d be f(3). Suppose w = -t - d, -w = 4*t + t + 81. Let c = t - -26. What are the prime factors of c?
3
Suppose 5*f = 4*v + 196, -4*v - 65 = -2*f + 11. What are the prime factors of f?
2, 5
Let d be -3 - -1 - 6/(-3). Let m = d + 0. What are the prime factors of -1 + m/(-1) + 5?
2
Let c = 3 - -1. Let p = c - 2. Let b(q) = 7*q + 1. What are the prime factors of b(p)?
3, 5
Let d(o) = o**3 + o**2 - 4*o + 3. Let g be d(2). Suppose -2*t + g = -21. Suppose t = 5*f + 4. List the prime factors of f.
2
List the prime factors of (1 - (0 - 1)) + 1.
3
Let g(r) = 5*r**2 + r**3 - r**2 + 4*r - 3 - 7*r**2. List the prime factors of g(3).
3
Suppose 13*a = 16*a - 75. List the prime factors of a.
5
Suppose -4*r - 12 = -2*h, -3*h = 3*r + 2*r - 62. Let t = h + -4. What are the prime factors of t?
2, 5
Let g(w) = -w + 11. Let s be g(5). Let r = 35 - s. What are the prime factors of r?
29
Let o = 9 + -3. Let y = 18 - o. List the prime factors of y.
2, 3
Let m(s) = 2*s**2 - 6*s + 8. List the prime factors of m(4).
2
Let u be (35 + -5)/(3/2). List the prime factors of (-5)/u - (-34)/8.
2
Let g = 29 + -20. List the prime factors of g.
3
Let k(u) = 0*u**3 + u**3 + 2 - 2*u**3 - 2*u + 3*u**2. Let h be k(2). Suppose 5*q - 3*o = -0*o + 25, -h*o - 20 = -4*q. What are the prime factors of q?
5
Let a(y) = 16*y - 7. What are the prime factors of a(2)?
5
Let s be (-167)/(-3) - (-6)/(-9). Let z = s - 21. Suppose 0*i = -2*i + z. What are the prime factors of i?
17
Let v = -4 + 7. Suppose d = v*d + 6, z - 5*d - 17 = 0. What are the prime factors of z?
2
Let c(t) = -t + 3. Let g be c(3). Let o = g + 0. Let u(y) = y**3 + y**2 + 5. List the prime factors of u(o).
5
Suppose -2*w - 12 = -0*w. Suppose 5*q + 17 = -b - 16, -3*q + 27 = -3*b. Let r = w - b. What are the prime factors of r?
7
Let s(b) = b**3 - 10*b**2 - 5*b + 5. What are the prime factors of s(11)?
71
Suppose 5 = -4*s - s, 0 = 2*r + 3*s - 7. Suppose -l + 5 = 3*i, 10*l + 5 = -r*i + 5*l. Let n(d) = -d**3 + 5*d**2 - 3*d + 3. List the prime factors of n(i).
2, 3
Let s(f) = 21*f + 46. Let c(n) = 4*n + 9. Let b(a) = -11*c(a) + 2*s(a). What are the prime factors of b(-12)?
17
Let w(i) = -i**3 - 4*i**2 - 2*i - 6. Let c be w(-4). Suppose -4*y - 30 = -3*d, c*d - 5*y = 6*d - 9. What are the prime factors of d?
2, 3
Let h(t) = 7*t. Let n be h(-1). What are the prime factors of -1*((-6)/2 + n)?
2, 5
Suppose 4*x - 13 - 7 = 0. Let p = x + -1. Suppose -p*t = -3*o + 25, -t - 1 = 3. What are the prime factors of o?
3
Let d(r) = 5*r**2 - 2*r - 2. What are the prime factors of d(-5)?
7, 19
Suppose 5*f + 5*r - 106 = 124, 0 = 2*r - 4. Suppose -2*q = 2*q - f. What are the prime factors of q?
11
Suppose -22 = -g - 5. List the prime factors of g.
17
Let y(a) be the third derivative of 0*a - 2*a**2 + 1/2*a**3 - 1/12*a**4 + 0. List the prime factors of y(-4).
11
Suppose -w - w - 4*m = 90, 4*m + 145 = -3*w. Let i = w + 102. List the prime factors of i.
47
Let m = 574 - 201. List the prime factors of m.
373
Let c = 8 + 11. What are the prime factors of c?
19
Let f(t) = -t + 11. Let r be f(-5). Let x = 4 + r. What are the prime factors of x?
2, 5
Suppose 8*t - 312 = 360. What are the prime factors of t?
2, 3, 7
Let a(y) = -16*y - 20. Let q(f) = -3*f - 4. Let n(g) = -2*a(g) + 11*q(g). What are the prime factors of n(-10)?
2, 3
Let a be 0/2*(-9)/27. Suppose a*g = -4*g + 136. List the prime factors of g.
2, 17
Let z = -3 + 3. Suppose z = 5*a - 84 - 141. What are the prime factors of a?
3, 5
Let b(r) = -r**3 - r**2 + r - 14. Let y(l) = -1. Let f(h) = -b(h) + 5*y(h). Let q = 2 + -2. What are the prime factors of f(q)?
3
Suppose 4*a - 235 = 3*a + 4*w, w + 232 = a. List the prime factors of a.
3, 7, 11
Let s(z) = z - 2. Let c be s(2). What are the prime factors of (2 + c/(-3))*15?
2, 3, 5
List the prime factors of (11/3)/(-2 - (-42)/18).
11
Let l(s) = -s. Let h(y) = -6*y + 1. Let x(k) = -h(k) + 2*l(k). List the prime factors of x(1).
3
Suppose 6*f - 2*f = 12. What are the prime factors of -8*3/(-6) + f?
7
Let w(t) = -t**3 - 7*t**2 - 4*t. Suppose -3*f = -7 + 28. Let v be w(f). Suppose 0 = 3*g + 10 - v. What are the prime factors of g?
2, 3
List the prime factors of (129/5)/(6/60).
2, 3, 43
Let i = 19 - 10. List the prime factors of 1/3 - (-60)/i.
7
Let q = -10 + 5. Let z(g) = -g**3 - 5*g**2 - 7*g - 7. List the prime factors of z(q).
2, 7
Suppose y + 3*y + 64 = 0. Let c = y - -20. List the prime factors of c.
2
Let y(h) = h**2 + h + 2. Let t be y(-3). Suppose -2*p + f = -14, -3*p - 2*f - t = -36. What are the prime factors of p?
2
Let a be (-3365)/(-25) + 6/15. Suppose -3*q + a = 2*q. List the prime factors of q.
3
Suppose 3 = -4*a + 5*a. Let o(g) = g**2 - 3*g + 3. Let m be o(6). Suppose -a*n - f + 6 = 0, 4*f + m = 4*n + f. What are the prime factors of n?
3
Let y = -16 + -2. What are the prime factors of 2107/42 - (-3)/y?
2, 5
Let k = -14 - -25. Suppose -5*r + 46 = k. Suppose -r = -z + 4. List the prime factors of z.
11
Suppose 5*w = 192 + 33. List the prime factors of w.
3, 5
Suppose n + 5 = -0*n. Let i(h) be the third derivative of -h**4/24 - h**3/3 - h**2. List the prime factors of i(n).
3
Let l be (0 - -3)/(7 - 6). Suppose 0 = -4*y + l + 1. What are the prime factors of y/(-1*3/(-39))?
13
Suppose -7*q - 160 = -12*q. What are the prime factors of q?
2
Suppose 0 = -b - 2, 5*m - 34 = -0*b + 2*b. Let w = 22 + m. List the prime factors of w.
2, 7
Let m(u) be the third derivative of u**5/60 - 7*u**4/24 - 2*u**3/3 - 3*u**2. Let r be m(8). Suppose -w = -r*w + 42. List the prime factors of w.
2, 7
Suppose 9*h = 5*h + 296. Let j = h - 46. What are the prime factors of j?
2, 7
Suppose -2*p = -p - 10. List the prime factors of p.
2, 5
Suppose -4*c + 2*p + 169 = p, 0 = -2*c - 2*p + 82. List the prime factors of c.
2, 3, 7
Suppose 2*d - 3*v = -33, -2*d - 5*v = -4*d - 23. Let k = d - -44. List the prime factors of k.
2, 5
Let q(b) = 2*b**2 - 3*b + 4. Let r be q(3). Let k = r + -8. What are the prime factors of k?
5
Let r = 36 - -3. What are the prime factors of r?
3, 13
Suppose -105 = -2*u + 279. What are the prime factors of u?
2, 3
Let y be (0 - -1) + -1 + 5. Suppose -q - 1 + y = 0. Suppose -2*x = -28 + q. What are the prime factors of x?
2, 3
Let h = 79 - 14. List the prime factors of h.
5, 13
Let w(h) = -h**3 - 2*h**2 + 4*h + 3. Let g be w(-3). Let j(d) = -d + 50. Let k be j(g). Let i = k + -28. What are the prime factors of i?
2, 11
Let f = 0 - -3. Suppose m + 18 = f*m. What are the prime factors of m?
3
Let g(q) = 3 - q + 5 + 5 - 4. List the prime factors of g(7).
2
Let j = 65 + 163. List the prime factors of j.
2, 3, 19
Let s(y) = y**3 - 13*y**2 + y - 12. Let j be s(13). Let v = -9 - -18. Suppose 0 = -k + v + j. What are the prime factors of k?
2, 5
Let h(u) = u + 13. Let m be h(-9). Suppose 3 - 11 = -m*o. Suppose 5*q = 2*b + 60 - 22, -o*q = 4*b - 20. What are the prime factors of q?
2
Suppose -4*a + 0*f + 1098 = -2*f, -5*a + 4*f + 1371 = 0. List the prime factors of a.
5, 11
Suppose m + 0*m = -6. Let x(n) = n**3 + 6*n**2 - 2*n + 5. Let o(t) = 1. Let j(d) = -6*o(d) + x(d). List the prime factors of j(m).
11
Suppose h + 5 = 2*h. Suppose -2 - 22 = -4*b + 4*c, 0 = 4*b + h*c - 69. What are the prime factors of b?
11
What are the prime factors of 6/4 - 10/(-4)?
2
Let d = -5 + 5. Let k(i) = i**3 + 5. Let o be k(d). What are the prime factors of (-2)/10 - (-56)/o?
11
Let w(j) be the second derivative of j**5/20 + 5*j**4/12 + 2*j**3/3 - j**2/2 + 3*j. What are the prime factors of w(-3)?
5
Let v(x) = -x**3 - 9*x**2 + 11. Let u be (-1)/3 - (-78)/(-9). List the prime factors of v(u).
11
What are the prime factors of (3/3 - 2)*-58?
2, 29
Let q be 20/(-12) + (-2)/6. List the prime factors of 36*2/(-8)*q.
2, 3
Suppose -4*l + 11*l - 1477 = 0. What are the p